26. Let c be h(-7). Suppose -c*z - i = -913 + 289, 5*z - 4*i = 1560. What is the units digit of z?
2
Let c = -276 - -266. What is the hundreds digit of ((-24365)/(-44) - 10) + c/(-8)?
5
Suppose 657 - 2907 = -2*d. Suppose -127*g - d = -128*g. What is the thousands digit of g?
1
Let q(j) = -88*j - 41. Let s = -341 - -339. What is the hundreds digit of q(s)?
1
Let n(t) = -75*t**3 + 8*t**2 - 107*t - 1096. What is the ten thousands digit of n(-8)?
3
Suppose b - 13268 = 4*r, 4*r - 20265 = -b - 6949. What is the ten thousands digit of b?
1
Suppose 19*z = 7*z + 24. What is the hundreds digit of (-2 - -619) + 4/z*-1?
6
Let p(d) be the third derivative of -d**6/120 + d**5/4 + 7*d**4/24 + 13*d**3/3 + 104*d**2. What is the hundreds digit of p(8)?
5
Let j(x) = -5*x + 51. Let p(s) be the second derivative of s**5/20 - s**4/12 - s**3/6 - s**2 - 29*s. Let u be p(2). What is the units digit of j(u)?
1
Let a(t) = -t + 14. Suppose 4*m = 5*u - 57, 0*m = -2*u + 3*m + 27. Let l be a(u). Suppose -l*c - 67 = -462. What is the tens digit of c?
7
What is the thousands digit of ((540/24)/45)/(1 + (-34874)/34876)?
8
Let a(g) = 11*g**2 - 93*g - 123. What is the hundreds digit of a(23)?
5
Suppose 3*f = -n - 0*n + 263, -4*f + 1370 = 5*n. Let b = n - 58. What is the tens digit of b?
2
Let g(n) = 270*n**2 - 31*n - 2. Let f be g(-6). Suppose -752 = -9*s + f. What is the thousands digit of s?
1
Suppose 5*p = h - 6*h - 185, -3*h + 3*p = 117. Let a = 37 + h. What is the tens digit of (a + 0)*(-15)/(-6)*-20?
5
Let o(w) = -38716*w + 4. Let a be o(-1). Suppose -8620 = 50*f - a. What is the hundreds digit of f?
6
Suppose -z - 3 = -5. Suppose 6*m - 22 = z. Suppose -w + 0*w = m*t - 1031, 0 = t + 2*w - 263. What is the hundreds digit of t?
2
Let d(c) = -2*c + 9 - 4 + 10 + 26. Let w be d(17). Suppose -w*o + 584 = -3*o. What is the hundreds digit of o?
1
Suppose -p = 2*a - 99000, 4*a = 5*a - 4*p - 49482. What is the hundreds digit of a?
4
Let o(y) = 297*y**2 + 17*y - 102. What is the tens digit of o(6)?
9
Let m(b) = 2*b**2 + 59*b - 590. What is the hundreds digit of m(47)?
6
Suppose t - 4*t + y + 19960 = 0, -2*y = -4. What is the hundreds digit of t?
6
Let f = 71 - -53. Let c = 159 + f. What is the tens digit of c?
8
Suppose -6 = 5*i - 6*i. Suppose -i*z + 687 + 291 = 0. What is the hundreds digit of z?
1
Let y(g) = 97*g**3 + 5*g**2 - 45*g + 183. What is the thousands digit of y(4)?
6
Suppose -11*f = -7*f + h - 2671, 3*f - 2*h - 2017 = 0. Let m = 2 + f. What is the units digit of m?
1
Suppose 11*c = 19*c. Suppose 2*a + 338 = h, c = h + h + 5*a - 694. What is the units digit of h?
2
What is the tens digit of 5 - (-9015)/(-30)*-62?
3
Suppose 0 = s - 2*m - 6369, s = -2*m - 2*m + 6393. What is the hundreds digit of s?
3
Suppose m - v = 2*m - 5, 2*m = -v + 14. Suppose 2*k = 19 - m. Suppose -k*s + 284 = 34. What is the tens digit of s?
5
Let p(u) = 2*u**2 - 14*u - 108. Suppose 0 = -4*f, 0 = t - f - 3*f - 17. What is the units digit of p(t)?
2
Suppose f = -0*f - 5. Suppose -2*d + o = -1, 43*d = 42*d + 5*o + 5. What is the tens digit of (d + f)*3173/(-95)?
6
Let s = 7 + -6. Let o(v) = -66*v + 15. Let j(b) = -199*b + 43. Let y(w) = -6*j(w) + 17*o(w). What is the tens digit of y(s)?
6
Suppose 18*o - 15*o - 15 = 0. Suppose 3*j = 4*j - 3*f + 28, o*j + 3*f = -212. What is the units digit of (-2390)/j - 3/4?
9
Let x(c) be the first derivative of 2*c**3/3 - 9*c**2/2 - 32*c + 50. What is the hundreds digit of x(13)?
1
Suppose -3556 + 956 = -65*u. What is the units digit of u?
0
What is the hundreds digit of 8 + 27028*7/28?
7
Let t = -114 + 119. Suppose 3*p - r - t = 0, 5*p - 7 = 5*r - 2. Suppose 0 = 2*l + 2*z - 322, -p*l - z + 317 = 2*z. What is the hundreds digit of l?
1
Let j = -329 + 332. Suppose -4 = -2*c, j*u + 2*c = 3000 - 155. What is the units digit of u?
7
Let b(u) = 606*u + 12795. What is the ten thousands digit of b(103)?
7
Let l(c) = 12*c + 183. Suppose -39*m = -29*m - 180. What is the units digit of l(m)?
9
Suppose 12*v = -5*v + 31841. Let h = v + -1097. What is the tens digit of h?
7
Let o(v) = -v**3 - 3*v**2 - 3*v + 5. Let d(x) be the second derivative of x**3/3 - 16*x**2 + 13*x. Let f be d(14). What is the units digit of o(f)?
3
Suppose 0 = -2*o - 5*v - 6, -5*o + 0*v = 4*v - 2. Let z be o + (-10)/2 - -6. Let g = z - -11. What is the tens digit of g?
1
Let x(d) = 4*d + 78. Let c be x(-19). Suppose z = 5*a - 2083, 0 = -5*a + c*a + 2*z + 1247. What is the hundreds digit of a?
4
Suppose -3*r + 428 = 2*m - 2*r, 3*m - 4*r - 664 = 0. What is the units digit of (-3398)/(-18) + 48/m?
9
Suppose 49559 = 5*c + 3*m, 135*m - 134*m = 2*c - 19817. What is the units digit of c?
0
Suppose 0 = -l + 1, 9*p + 7922 = 12*p - 4*l. What is the units digit of p?
2
What is the thousands digit of (-35350 - 17)/((-51)/6 + 8)?
0
Suppose -35 = -9*j - 17. Suppose -3*u - 2136 = -4*y, -7*u + 8*u + 1068 = j*y. What is the tens digit of y?
3
Let k be 9/6*(1 + 21). Let x = k - 46. Let s = x - -33. What is the tens digit of s?
2
Let r(o) = 92*o**2 + 12*o - 23. Let c(y) = 4*y - 38. Let u be c(10). What is the hundreds digit of r(u)?
3
Let z(x) = 55*x**2 - 70*x - 33. What is the hundreds digit of z(-11)?
3
Suppose -79 = -5*j - 29. Let o be (-32)/(-4)*85/j. What is the units digit of o + (-25)/5 - (1 - -1)?
1
Suppose -3*x + h = -154264, -44*h + 5 = -49*h. What is the thousands digit of x?
1
Let l be (2*92)/(-4) - 0. Let k be 28/(-7) + 66 - (2 - 1). Let n = k + l. What is the units digit of n?
5
Suppose 0 = -10*m + 11790 - 230. What is the tens digit of m/(4 + 3 + 0 + -5)?
7
Suppose 2*v - 3*v + 5424 = -4*p, -5439 = -v + p. What is the hundreds digit of v?
4
Let m(r) be the third derivative of -r**6/120 - r**5/15 + r**4/24 + 11*r**3/2 + 127*r**2 + 2. Suppose 2*g = -g. What is the tens digit of m(g)?
3
Let i(n) = 19*n - 12. Let t(d) = -d**2 + 16*d - 58. Let f be t(10). What is the tens digit of i(f)?
2
Suppose -86*a + 19040 = -93*a. Let y = -1737 - a. What is the hundreds digit of y?
9
Let g = -35 - -33. Let m be (-1118)/((g + 1)*2). Suppose -3*c + z = -m, 4*c - 600 = 4*z + 148. What is the tens digit of c?
8
Suppose 0 = -4*u + 4*y + 16 + 64, 0 = -u + 4*y + 29. Suppose 25*s = 10*s - 15. Let l = u + s. What is the units digit of l?
6
Suppose 0 = 4*h - 2*v - 145044, 3*h - 828*v = -823*v + 108790. What is the thousands digit of h?
6
Let m(y) = 5*y - 8*y + 12 - 2*y**2 - 2*y + 41*y**2. What is the hundreds digit of m(3)?
3
Let g = -24040 + 34724. What is the thousands digit of g?
0
Let i = -8 + 5. Let m(g) = -42*g + 3. Let s(h) = -85*h + 9. Let n(q) = 5*m(q) - 2*s(q). What is the hundreds digit of n(i)?
1
Let d = -51 + 53. Suppose d*v - 208 + 49 = -5*i, 3*i = 5*v + 114. What is the units digit of i?
3
Let i(d) = -5*d + 79. Suppose 223*k = 228*k + 20. What is the tens digit of i(k)?
9
Suppose 17*j - 2*c = 12*j + 122192, 0 = -4*j + 4*c + 97756. What is the ten thousands digit of j?
2
Suppose -12643 = -16*p - 403. Let l = 1386 - p. What is the tens digit of l?
2
Let v be 2*(95/2 + 4 + 5). Suppose -2*k + v = -535. What is the hundreds digit of k?
3
Suppose -4*v = -3*o - 24, 0*v = 2*o + 4*v - 4. Let d(f) = -18*f - 28. What is the units digit of d(o)?
4
Let t(x) = 3*x**3 - 29*x**2 - 159*x - 612. What is the ten thousands digit of t(28)?
3
Let q(i) = -19164*i - 3. Let w be q(-1). What is the tens digit of (-6)/(-10) + w/15?
7
Let l be (4/6)/(-1) - (-984)/72. Suppose 66 = l*n + 27. Suppose 4*m + 8*w - 4*w - 28 = 0, n*m = w + 21. What is the units digit of m?
7
Let r(d) = 11*d**2 + 16*d - 9. Let v be r(3). Suppose -4*c + 183 = c - f, -2*f = 4*c - v. What is the units digit of c?
6
Suppose -z = -2*c + 1765, -4 = -3*z + 5. Let l = c - 550. Suppose -2*r + 5*j = -111 - 89, -3*r = j - l. What is the hundreds digit of r?
1
Let j = 24 - 54. Let y be ((-12)/15)/(6/j) + -4. Suppose y = 4*m - 2*c - 552, -4*c = -3*c. What is the tens digit of m?
3
Suppose 0 = t - 3*v - 8, 18 = -3*t + 4*v + 42. Let x(h) = h**2 - h + 12. Let a be x(t). Suppose -l = 2*w - a, -w + 6 = w. What is the units digit of l?
2
Suppose -60 - 118 = -2*l + z, 2*l + 5*z - 202 = 0. Suppose -245 = -t + l. What is the tens digit of t?
3
What is the tens digit of 268680/8 + ((-32)/(-1))/(-4)?
7
Suppose -o - 20641 - 22552 = -3*b, 15 = -3*o. What is the thousands digit of b?
4
Suppose 243 =